-39. What is the greatest common divisor of j and 10?
10
Suppose 0*v = -5*v + q + 19, -2*q = -2. Let y(f) = f**2 - f - 4. Let z be y(v). What is the highest common factor of z and 8?
8
Suppose -5*x + 33*v - 30*v = -45, v - 5 = 0. Calculate the highest common divisor of x and 36.
12
Suppose -k + 6 = -11. Let z(b) = b**2 - b + 5. Let w(q) = q**2 - 5*q + 4. Let t be w(5). Let y be z(t). What is the highest common divisor of k and y?
17
Let k = 0 + 0. Suppose k*m = 6*m - 24. Suppose m*a - 1106 + 33 = -5*p, 214 = p + a. What is the greatest common factor of p and 31?
31
Let j(f) = f**3 + 19*f**2 - 49*f - 25. Let i be j(-21). Calculate the greatest common factor of 183 and i.
61
Suppose 0 = l - 4*a - 46, 83 = 3*l - l + a. Suppose -3*x + 328 = -4*o - 180, -670 = -4*x - 2*o. Calculate the highest common divisor of l and x.
42
Let l be ((-9)/(-12))/((-3)/24). Let r = l + 8. Suppose -2*i - 11 = -3*y - 3, 4*y + 5*i - 3 = 0. What is the greatest common factor of r and y?
2
Let z = -151 + 424. Calculate the highest common factor of 39 and z.
39
Let m(a) = 9*a**3 - 74*a**2 + 22*a - 24. Let k be m(8). Suppose -4*z + 13 + 11 = 0. Calculate the highest common divisor of k and z.
6
Let d be ((-2)/(24/(-52)))/(3/387). What is the highest common factor of d and 43?
43
Let f(w) = 4*w - 8. Let p be f(7). Let b be (-180)/(-840) - 977/(-14). Calculate the greatest common divisor of b and p.
10
Let c be 6/14 + 57/(-133). Suppose c = 2*l - 235 + 75. Calculate the greatest common factor of 32 and l.
16
Let s be ((-9)/3)/(6/(-32)). Let q(b) = -b**2 + 6*b + 9. Let w be q(6). Let i = s - w. What is the greatest common divisor of 14 and i?
7
Let z(l) = 17*l - 18. Let j be z(3). Suppose 2*s - j = -s. Let k(f) = f**2 + 3*f + 4. Let a be k(5). Calculate the greatest common divisor of a and s.
11
Let x(n) = n**3 - 11*n**2 - 12*n + 10. Let j(y) = -y + 8. Let v be j(5). Let m = v + 9. Let z be x(m). Calculate the highest common divisor of 40 and z.
10
Suppose -3*y + 6*y = 0. Suppose y = 2*c - 0*c - 104. Suppose 0 = 19*z - 18*z - 26. Calculate the greatest common divisor of c and z.
26
Let f be (8 - -5)*-1*(-1 + -17). Calculate the highest common divisor of f and 54.
18
Let z(i) = 4*i**2 - 15*i - 10. Let b = -37 + 31. Let f be z(b). Calculate the highest common divisor of 32 and f.
32
Suppose 0 = o + 5*t - 14, -3*o + 4*t - 1 = -5. Suppose -o*v = 20, 5*b - 4*v + 12 = 42. Calculate the greatest common factor of 22 and b.
2
Let y be (-10)/(-4) - ((-462)/12 - -1). Suppose 3*b = 9 + 3. Let d = b - -1. What is the highest common factor of y and d?
5
Suppose 0 = -5*t + y + 1425, t - 6*t + 3*y + 1415 = 0. Calculate the greatest common factor of 44 and t.
22
Let j be -41 - (-12)/(-9)*3. Let c = 76 + j. Let n = c + -21. Calculate the highest common divisor of n and 70.
10
Let n(w) be the third derivative of w**4/4 - 7*w**3/2 + 14*w**2. Let h be n(5). What is the highest common factor of h and 72?
9
Suppose 2*u - 4*x + 10 = -0*u, x - 4 = 0. Let t be (110/(-44))/(1/(1 - u)). What is the greatest common factor of 1 and t?
1
Let t(j) = -j + 37. Let q be t(23). What is the highest common divisor of 98 and q?
14
Suppose -5*x + 20 = -0. Let l be (x/18*-66)/((-2)/6). Calculate the greatest common factor of l and 55.
11
Let s = 1073 - 868. Calculate the greatest common factor of 41 and s.
41
Suppose 209*a - 18 = 206*a. Suppose 21 = 4*n - n. Let k(f) = 4*f + 2. Let j be k(n). What is the greatest common factor of a and j?
6
Let o be (1*12/(-10))/((-126)/13440). What is the highest common divisor of 288 and o?
32
Suppose 54 = -3*x - 54. Let j = x - -73. Suppose 4*u - j = 3. Calculate the highest common divisor of 10 and u.
10
Let p(n) = 13*n**2 - 7*n + 4. Let j(s) = -9*s**2 + 5*s - 3. Let i(h) = 7*j(h) + 5*p(h). Let u be i(1). Calculate the greatest common factor of 1 and u.
1
Let b(t) = 19*t - 39. Let o(v) = 3*v - 42. Let i be o(18). Let d be b(i). Calculate the greatest common factor of 21 and d.
21
Suppose -3*m - 6 = -6*z + 3*z, -2*m = 2*z - 12. Suppose o = -4*p + 263, -4*o - 6 + m = 0. Calculate the highest common divisor of p and 33.
33
Let p(f) = 4*f**2 - 5*f + 4. Let j = -149 - -151. Let v be p(j). Calculate the highest common divisor of v and 10.
10
Let s = -1185 + 1211. What is the highest common factor of s and 299?
13
Let p be 4/5*(191 + 9). Suppose -5*i + 115 + p = 0. Let a = 9 - 4. Calculate the highest common factor of i and a.
5
Suppose 5 = g, -u = -7*g + 3*g - 132. Suppose -3*j + 165 = 2*f, f + u = 5*j - 136. What is the highest common divisor of 19 and j?
19
Suppose 26 - 101 = -5*q. Suppose 6*k = 15 + q. Suppose 20 = k*m - 140. What is the greatest common factor of m and 96?
32
Let f be -14*(-19)/((-266)/(-72)). What is the greatest common factor of 96 and f?
24
Suppose h = -h + 10, 2*h + 83 = 3*n. Let p(w) = -3*w - 2. Let z be p(-11). What is the greatest common divisor of n and z?
31
Let y be 1 + -1 - (-6 - -4). Suppose 0 = y*x - 2*z - 2, -21 = -x - 5*z + z. Let m(v) = v + 1. Let b be m(x). Calculate the greatest common factor of 12 and b.
6
Let p be -5*(4 + 24/(-20)*1). Let v be -9*5/(-105) + (-764)/p. Let g be 1*(-1 + 1 + 22). What is the greatest common divisor of g and v?
11
Let v(x) = -2*x - 10. Let a be v(-9). Let c = 18 - a. What is the highest common divisor of c and 10?
10
Let c = 161 + -91. Let m(n) = -n**2 - 12*n + 3. Let r be m(-8). What is the greatest common factor of c and r?
35
Suppose 4*f + 16 = 0, 4*o + 5*f + 68 = -0*f. Let z = o - -103. Let r = 34 + -21. What is the greatest common divisor of r and z?
13
Let d = -752 + 1179. What is the greatest common factor of d and 122?
61
Suppose 0*t + 5*t = -4*t. Let r = -3 - -6. Suppose g - d + 9 = 4*g, -d + r = t. What is the highest common factor of 3 and g?
1
Let b = -3 - -18. Suppose 2*z = 3*g - 2*z - 61, 5*z + 80 = 4*g. What is the greatest common factor of g and b?
15
Let t(q) = q**3 - 5*q**2 + 4*q - 21. Let h be t(7). Let o = h + -75. What is the greatest common factor of 12 and o?
6
Let u = 39 + -11. Let x be (-8 - -5 - 5)*-28. Calculate the highest common factor of x and u.
28
Let i = -72 - -315. Suppose 6*r + i = 915. Calculate the greatest common factor of 16 and r.
16
Let u be (-33)/(-2)*(0 - -2). Suppose 13*s - 30 = 8*s. Suppose -s*y = -y - 55. What is the greatest common factor of u and y?
11
Suppose -5*w = 5*h - 8 + 28, 8 = -5*w - h. Let t = 9 - w. Calculate the greatest common factor of 50 and t.
10
Suppose -50*k + 910 = -37*k. Calculate the greatest common divisor of 56 and k.
14
Let u(a) = 17*a + 2. Let x be u(-1). Let y be (-13 + 0)/(5/x). What is the greatest common factor of 26 and y?
13
Suppose -53*y = -1699 - 209. What is the greatest common divisor of 1458 and y?
18
Let s(a) = -a**3 - 33*a**2 + 163*a + 2000. Let u be s(-36). Suppose -4*p + 48 = -0*p. What is the greatest common divisor of u and p?
4
Let s be (-12)/((-12)/138*1). Calculate the highest common factor of s and 18.
6
Let o be (-12)/15*(-5)/2. Suppose -5*l = -o*l - 75. Suppose 3*k - 5*i = 8*k - l, -3*k - 4*i + 10 = 0. Calculate the highest common divisor of k and 25.
5
Let k(h) = -15*h - 11. Let a be k(-1). Calculate the greatest common factor of a and 124.
4
Let l = -115 - -49. Let f be 2/(-5) + l/(-15). Suppose -150 = f*x - 9*x. Calculate the highest common divisor of x and 12.
6
Suppose -5*h - 4 = -2*p, 0*h - 5*h - 4*p = 22. Let o be h*(12/8)/(-1). Let y be (-28)/(-8)*(o - 1). What is the highest common divisor of y and 28?
7
Suppose -o + z + 129 = -6*o, -2*z = 3*o + 76. Let h = 36 + o. Calculate the greatest common divisor of 15 and h.
5
Let f = -1005 - -1015. Calculate the highest common divisor of f and 565.
5
Let t be 246/2 - (-25 - -22). Calculate the highest common factor of 36 and t.
18
Suppose -16*y + 6221 = -6019. What is the greatest common factor of y and 85?
85
Suppose 4 + 1 = q - 2*u, u - 20 = -2*q. Let g be ((-33)/q)/(1/(-15)). Let a = 17 + -12. What is the greatest common divisor of g and a?
5
Let w(n) = -12*n - 31. Let k be w(-31). Calculate the greatest common divisor of 93 and k.
31
Let k(f) = -f**3 + 8*f**2 + f + 16. Let y be k(7). Suppose -m = 8*m - y. What is the highest common factor of m and 2?
2
Let g(d) be the second derivative of 7/6*d**3 + 1/6*d**4 + 7*d + 0 + 8*d**2. Let a be g(-7). What is the highest co